{"id":468,"date":"2019-03-28T13:29:20","date_gmt":"2019-03-28T13:29:20","guid":{"rendered":"http:\/\/diesterweg-grundschule-pirna.de\/?page_id=468"},"modified":"2024-09-09T13:06:14","modified_gmt":"2024-09-09T13:06:14","slug":"unser-namensgeber","status":"publish","type":"page","link":"http:\/\/diesterweg-grundschule-pirna.de\/?page_id=468","title":{"rendered":"Unser Namensgeber"},"content":{"rendered":"<div class=\"wp-block-image is-style-circle-mask\">\n<figure class=\"alignright size-thumbnail is-resized\"><img decoding=\"async\" width=\"150\" height=\"150\" src=\"http:\/\/diesterweg-grundschule-pirna.de\/wp-content\/uploads\/2020\/03\/diesterweg-150x150.jpg\" alt=\"\" class=\"wp-image-1042\" style=\"width:167px;height:167px\"\/><\/figure><\/div>\n\n\n<h4 class=\"wp-block-heading\"> <strong>Friedrich Adolf Wilhelm Diesterweg \u2013 Ein Leben f\u00fcr die Bildung<\/strong><\/h4>\n\n\n\n<p>Friedrich Adolf Wilhelm Diesterweg, geboren am 29. Oktober 1790 in Siegen\/Westfalen, war ein Pionier der modernen P\u00e4dagogik. Nach seinem Studium der Mathematik, Naturwissenschaften und Geschichte (1808-1811) strebte er zun\u00e4chst eine Karriere als Vermessungsingenieur an, entdeckte jedoch seine wahre Berufung als Lehrer.<\/p>\n\n\n\n<p>In Frankfurt am Main lehrte Diesterweg an der renommierten Pestalozzi-Musterschule, wo er die fortschrittlichen Ideen Johann Heinrich Pestalozzis praktisch anwendete und weiterentwickelte. Statt eine Position als Lehrer oder stellvertretender Direktor an h\u00f6heren Bildungseinrichtungen anzunehmen, widmete er sich mit ganzem Herzen der Volksschulbildung. Sein Lebensziel war es, Lehrer auszubilden, die in der Lage waren, Kinder aus der arbeitenden Bev\u00f6lkerung auf eine demokratische Gesellschaft vorzubereiten.<\/p>\n\n\n\n<p>Diesterweg k\u00e4mpfte unerm\u00fcdlich daf\u00fcr, selbstst\u00e4ndig denkende und fachlich wie p\u00e4dagogisch gut ausgebildete Lehrer heranzuziehen. Seine fortschrittlichen Ans\u00e4tze stie\u00dfen jedoch auf Widerstand, und er wurde von den preu\u00dfischen Schulbeh\u00f6rden mehrfach schikaniert. Im Juli 1847 wurde er schlie\u00dflich seines Amtes enthoben.<\/p>\n\n\n\n<p>Trotz dieses R\u00fcckschlags setzte Diesterweg seine Arbeit fort und engagierte sich durch zahlreiche Publikationen f\u00fcr die Lehrerweiterbildung und die Volksbildung. Er verfasste 23 Lehrb\u00fccher und etwa 30 p\u00e4dagogische Schriften, darunter das bedeutende Werk \u201eWegweiser zur Bildung f\u00fcr deutsche Lehrer\u201c.<\/p>\n\n\n\n<p>Am 7. Juli 1866 starb Friedrich Adolf Wilhelm Diesterweg, bekannt als der \u201eLehrer der Lehrer\u201c, w\u00e4hrend einer Choleraepidemie. Sein Verm\u00e4chtnis als Vork\u00e4mpfer f\u00fcr eine b\u00fcrgerlich-demokratische Schulreform und als bedeutender Vertreter der fortschrittlichen P\u00e4dagogik in Deutschland lebt bis heute weiter.<\/p>\n","protected":false},"excerpt":{"rendered":"<p>Friedrich Adolf Wilhelm Diesterweg \u2013 Ein Leben f\u00fcr die Bildung Friedrich Adolf Wilhelm Diesterweg, geboren am 29. Oktober 1790 in &hellip; <\/p>\n","protected":false},"author":1,"featured_media":0,"parent":0,"menu_order":0,"comment_status":"closed","ping_status":"closed","template":"","meta":{"ngg_post_thumbnail":0,"footnotes":""},"class_list":["post-468","page","type-page","status-publish","hentry","latest_post"],"_links":{"self":[{"href":"http:\/\/diesterweg-grundschule-pirna.de\/index.php?rest_route=\/wp\/v2\/pages\/468"}],"collection":[{"href":"http:\/\/diesterweg-grundschule-pirna.de\/index.php?rest_route=\/wp\/v2\/pages"}],"about":[{"href":"http:\/\/diesterweg-grundschule-pirna.de\/index.php?rest_route=\/wp\/v2\/types\/page"}],"author":[{"embeddable":true,"href":"http:\/\/diesterweg-grundschule-pirna.de\/index.php?rest_route=\/wp\/v2\/users\/1"}],"replies":[{"embeddable":true,"href":"http:\/\/diesterweg-grundschule-pirna.de\/index.php?rest_route=%2Fwp%2Fv2%2Fcomments&post=468"}],"version-history":[{"count":8,"href":"http:\/\/diesterweg-grundschule-pirna.de\/index.php?rest_route=\/wp\/v2\/pages\/468\/revisions"}],"predecessor-version":[{"id":2048,"href":"http:\/\/diesterweg-grundschule-pirna.de\/index.php?rest_route=\/wp\/v2\/pages\/468\/revisions\/2048"}],"wp:attachment":[{"href":"http:\/\/diesterweg-grundschule-pirna.de\/index.php?rest_route=%2Fwp%2Fv2%2Fmedia&parent=468"}],"curies":[{"name":"wp","href":"https:\/\/api.w.org\/{rel}","templated":true}]}}